{"id":18,"date":"2015-04-22T21:30:42","date_gmt":"2015-04-22T19:30:42","guid":{"rendered":"http:\/\/www.kematergartl.at\/?page_id=18"},"modified":"2017-08-30T21:43:50","modified_gmt":"2017-08-30T19:43:50","slug":"der-garten","status":"publish","type":"page","link":"https:\/\/www.kematergartl.at\/?page_id=18","title":{"rendered":"Der Garten"},"content":{"rendered":"<p><a href=\"http:\/\/hblakematen.tsn.at\/\"><img loading=\"lazy\" decoding=\"async\" class=\"wp-image-59221 alignright\" src=\"http:\/\/www.kematergartl.at\/wp-content\/uploads\/2015\/04\/HBLFA_Tirol.jpg\" alt=\"\" width=\"181\" height=\"79\" srcset=\"https:\/\/www.kematergartl.at\/wp-content\/uploads\/2015\/04\/HBLFA_Tirol.jpg 673w, https:\/\/www.kematergartl.at\/wp-content\/uploads\/2015\/04\/HBLFA_Tirol-300x130.jpg 300w\" sizes=\"auto, (max-width: 181px) 100vw, 181px\" \/><\/a>Die <a href=\"http:\/\/hblakematen.tsn.at\/\">HBLFA Tirol <\/a>stellt f\u00fcr das Projekt urban gardening die Fl\u00e4che in der Gr\u00f6\u00dfe von 1.710 qm zur Verf\u00fcgung. Damit k\u00f6nnen sich Hobbyg\u00e4rtner Gem\u00fcse und Kr\u00e4uter selbst anbauen. Urban gardening kann aber noch mehr: Es f\u00f6rdert die Natur und Artenvielfalt.<\/p>\n<p>&nbsp;<\/p>\n<p>Das Kemater Gartl befindet sich am s\u00fcdlichen Gel\u00e4nde der <a href=\"http:\/\/hblakematen.tsn.at\/\" target=\"_blank\" rel=\"noopener\">HBLFA Tirol<\/a>.<\/p>\n<p><iframe loading=\"lazy\" style=\"border: 0px currentColor;\" src=\"https:\/\/www.google.com\/maps\/embed?pb=!1m10!1m8!1m3!1d688.5066583180014!2d11.2745682!3d47.2520864!3m2!1i1024!2i768!4f13.1!5e1!3m2!1sde!2sat!4v1429742703959\" width=\"630\" height=\"470\" frameborder=\"0\"><\/iframe><\/p>\n<p><a href=\"http:\/\/www.kematergartl.at\/wp-content\/uploads\/2015\/04\/4106c4d03df439d5dd7c6f4d242b9d78.jpg\"><img loading=\"lazy\" decoding=\"async\" class=\"alignnone size-thumbnail wp-image-155\" src=\"http:\/\/www.kematergartl.at\/wp-content\/uploads\/2015\/04\/4106c4d03df439d5dd7c6f4d242b9d78-150x150.jpg\" alt=\"4106c4d03df439d5dd7c6f4d242b9d78\" width=\"150\" height=\"150\"><\/a><a href=\"http:\/\/www.kematergartl.at\/wp-content\/uploads\/2015\/04\/9585a83b36c0fd53d55f1cba24342eff.jpg\"><img loading=\"lazy\" decoding=\"async\" class=\"alignnone size-thumbnail wp-image-156\" src=\"http:\/\/www.kematergartl.at\/wp-content\/uploads\/2015\/04\/9585a83b36c0fd53d55f1cba24342eff-150x150.jpg\" alt=\"9585a83b36c0fd53d55f1cba24342eff\" width=\"150\" height=\"150\"><\/a><\/p>\n","protected":false},"excerpt":{"rendered":"<p>Die HBLFA Tirol stellt f\u00fcr das Projekt urban gardening die Fl\u00e4che in der Gr\u00f6\u00dfe von 1.710 qm zur Verf\u00fcgung. Damit k\u00f6nnen sich Hobbyg\u00e4rtner Gem\u00fcse und Kr\u00e4uter selbst anbauen. Urban gardening kann aber noch mehr: Es f\u00f6rdert die Natur und Artenvielfalt. &nbsp; Das Kemater Gartl befindet sich am s\u00fcdlichen Gel\u00e4nde der HBLFA Tirol.<\/p>\n","protected":false},"author":1,"featured_media":0,"parent":0,"menu_order":0,"comment_status":"closed","ping_status":"open","template":"","meta":{"ngg_post_thumbnail":0,"footnotes":""},"class_list":["post-18","page","type-page","status-publish","hentry","nodate","item-wrap"],"_links":{"self":[{"href":"https:\/\/www.kematergartl.at\/index.php?rest_route=\/wp\/v2\/pages\/18","targetHints":{"allow":["GET"]}}],"collection":[{"href":"https:\/\/www.kematergartl.at\/index.php?rest_route=\/wp\/v2\/pages"}],"about":[{"href":"https:\/\/www.kematergartl.at\/index.php?rest_route=\/wp\/v2\/types\/page"}],"author":[{"embeddable":true,"href":"https:\/\/www.kematergartl.at\/index.php?rest_route=\/wp\/v2\/users\/1"}],"replies":[{"embeddable":true,"href":"https:\/\/www.kematergartl.at\/index.php?rest_route=%2Fwp%2Fv2%2Fcomments&post=18"}],"version-history":[{"count":11,"href":"https:\/\/www.kematergartl.at\/index.php?rest_route=\/wp\/v2\/pages\/18\/revisions"}],"predecessor-version":[{"id":59222,"href":"https:\/\/www.kematergartl.at\/index.php?rest_route=\/wp\/v2\/pages\/18\/revisions\/59222"}],"wp:attachment":[{"href":"https:\/\/www.kematergartl.at\/index.php?rest_route=%2Fwp%2Fv2%2Fmedia&parent=18"}],"curies":[{"name":"wp","href":"https:\/\/api.w.org\/{rel}","templated":true}]}}