{"id":77,"date":"2015-04-23T09:40:44","date_gmt":"2015-04-23T07:40:44","guid":{"rendered":"http:\/\/www.kematergartl.at\/?page_id=77"},"modified":"2025-12-14T15:59:52","modified_gmt":"2025-12-14T14:59:52","slug":"impressum","status":"publish","type":"page","link":"https:\/\/www.kematergartl.at\/?page_id=77","title":{"rendered":"Impressum"},"content":{"rendered":"<p>Impressum<\/p>\n<div class=\"post-meta clearfix\">&nbsp;<\/div>\n<div class=\"entry-content clearfix\">\n<p>Die Homepage<strong>&nbsp;kematergartl.at<\/strong> ist der Internetauftritt des Vereins KematerGartl (ZVR 1776348429), in 6175 Kematen in Tirol und bietet allen Interessenten&nbsp; Informationen.<\/p>\n<p><a href=\"mailto:info@kematergartl.at\"><span style=\"text-decoration: underline;\"><span style=\"color: #4a6a7e;\">info@kematergartl.at<\/span><\/span><\/a><\/p>\n<p>Die Betreiber \u00fcbernehmen keinerlei Gew\u00e4hr f\u00fcr die Aktualit\u00e4t, Richtigkeit und Vollst\u00e4ndigkeit des Angebotes. Die \u00dcbernahme der Haftung f\u00fcr Sch\u00e4den durch Benutzung des Angebotes wird ausgeschlossen. Weiters erkl\u00e4rt sich der Verein KematerGartl als nicht verantwortlich f\u00fcr den Inhalt von Internetseiten, auf die mit einem Link verwiesen wird.<\/p>\n<p>Die Homepage wurde auf Basis WordPress von <a href=\"mailto:roman@kematergartl.at\">Roman Nowak<\/a>&nbsp;erstellt.<\/p>\n<p>&nbsp;<\/p>\n<p>Datenschutzerkl\u00e4rung f\u00fcr die Nutzung von Google Analytics<\/p>\n<p>Diese Website benutzt <a href=\"http:\/\/www.google.com\/analytics\/\" target=\"_blank\" rel=\"noopener\"><span style=\"text-decoration: underline;\"><span style=\"color: #4a6a7e;\">Google Analytics<\/span><\/span><\/a>, einen Webanalysedienst der Google Inc. (\u201cGoogle\u201d). Google Analytics verwendet sog. \u201cCookies\u201d, Textdateien, die auf Ihrem Computer gespeichert werden und die eine Analyse der Benutzung der Website durch Sie erm\u00f6glicht. Die durch den Cookie erzeugten Informationen \u00fcber Ihre Benutzung dieser Website (einschlie\u00dflich Ihrer IP-Adresse) wird an einen Server von Google in den USA \u00fcbertragen und dort gespeichert.<\/p>\n<p>Google wird diese Informationen benutzen, um Ihre Nutzung der Website auszuwerten, um Reports \u00fcber die Websiteaktivit\u00e4ten f\u00fcr die Websitebetreiber zusammenzustellen und um weitere mit der Websitenutzung und der Internetnutzung verbundene Dienstleistungen zu erbringen. Auch wird Google diese Informationen gegebenenfalls an Dritte \u00fcbertragen, sofern dies gesetzlich vorgeschrieben ist oder soweit Dritte diese Daten im Auftrag von Google verarbeiten. Google wird in keinem Fall Ihre IP-Adresse mit anderen Daten der Google Inc. in Verbindung bringen.<\/p>\n<p>Sie k\u00f6nnen die Speicherung der Cookies durch eine entsprechende Einstellung Ihrer Browser-Software verhindern; wir weisen Sie jedoch darauf hin, dass Sie in diesem Fall gegebenenfalls nicht s\u00e4mtliche Funktionen dieser Website vollumf\u00e4nglich werden nutzen k\u00f6nnen. Sie k\u00f6nnen dar\u00fcber hinaus die Erfassung der durch das Cookie erzeugten und auf Ihre Nutzung der Website bezogenen Daten (inkl. Ihrer IP-Adresse) an Google sowie die Verarbeitung dieser Daten durch Google verhindern, indem sie das unter dem folgenden Link verf\u00fcgbare Browser-Plugin herunterladen und installieren: <a href=\"http:\/\/tools.google.com\/dlpage\/gaoptout?hl=de.\" target=\"_blank\" rel=\"noopener\"><span style=\"text-decoration: underline;\"><span style=\"color: #4a6a7e;\">http:\/\/tools.google.com\/dlpage\/gaoptout?hl=de.<\/span><\/span><\/a><\/p>\n<\/div>\n","protected":false},"excerpt":{"rendered":"<p>Impressum &nbsp; Die Homepage&nbsp;kematergartl.at ist der Internetauftritt des Vereins KematerGartl (ZVR 1776348429), in 6175 Kematen in Tirol und bietet allen Interessenten&nbsp; Informationen. info@kematergartl.at Die Betreiber \u00fcbernehmen keinerlei Gew\u00e4hr f\u00fcr die Aktualit\u00e4t, Richtigkeit und Vollst\u00e4ndigkeit des Angebotes. Die \u00dcbernahme der Haftung f\u00fcr Sch\u00e4den durch Benutzung des Angebotes wird ausgeschlossen. Weiters erkl\u00e4rt sich der Verein KematerGartl als &hellip; <\/p>\n<p><a class=\"more-link btn\" href=\"https:\/\/www.kematergartl.at\/?page_id=77\">Weiterlesen<\/a><\/p>\n","protected":false},"author":1,"featured_media":0,"parent":0,"menu_order":0,"comment_status":"closed","ping_status":"open","template":"","meta":{"ngg_post_thumbnail":0,"footnotes":""},"class_list":["post-77","page","type-page","status-publish","hentry","nodate","item-wrap"],"_links":{"self":[{"href":"https:\/\/www.kematergartl.at\/index.php?rest_route=\/wp\/v2\/pages\/77","targetHints":{"allow":["GET"]}}],"collection":[{"href":"https:\/\/www.kematergartl.at\/index.php?rest_route=\/wp\/v2\/pages"}],"about":[{"href":"https:\/\/www.kematergartl.at\/index.php?rest_route=\/wp\/v2\/types\/page"}],"author":[{"embeddable":true,"href":"https:\/\/www.kematergartl.at\/index.php?rest_route=\/wp\/v2\/users\/1"}],"replies":[{"embeddable":true,"href":"https:\/\/www.kematergartl.at\/index.php?rest_route=%2Fwp%2Fv2%2Fcomments&post=77"}],"version-history":[{"count":3,"href":"https:\/\/www.kematergartl.at\/index.php?rest_route=\/wp\/v2\/pages\/77\/revisions"}],"predecessor-version":[{"id":59894,"href":"https:\/\/www.kematergartl.at\/index.php?rest_route=\/wp\/v2\/pages\/77\/revisions\/59894"}],"wp:attachment":[{"href":"https:\/\/www.kematergartl.at\/index.php?rest_route=%2Fwp%2Fv2%2Fmedia&parent=77"}],"curies":[{"name":"wp","href":"https:\/\/api.w.org\/{rel}","templated":true}]}}